{"id":2,"date":"2011-01-23T07:59:53","date_gmt":"2011-01-23T07:59:53","guid":{"rendered":"https:\/\/ryokansoft.com\/Blog\/?page_id=2"},"modified":"2017-10-11T04:54:31","modified_gmt":"2017-10-11T04:54:31","slug":"about","status":"publish","type":"page","link":"https:\/\/ryokansoft.com\/Blog\/about\/","title":{"rendered":"Acerca de&#8230;"},"content":{"rendered":"<p>Coloque este blog, para tratar de dar mi peque\u00f1o aporte al mundo sobre distintos temas.<\/p>\n<h2><!--more-->Sobre RyokanSoft<\/h2>\n<p>Sobre el nombre RyokanSoft, la terminaci\u00f3n \u00abSoft\u00bb es por Software, ya que me dedico a la creaci\u00f3n de programas de computaci\u00f3n (contables, planillas, etc. as\u00ed como sitios web, etc). Ryokan, si la busca en la web, denota una especie de posada para visitantes de corto plazo o viajeros. Pero este no es el sentido por lo que el sitio se llama as\u00ed, Ryokan fue un monje budista zen, que vivi\u00f3 en Niigata (Jap\u00f3n) del 1758 &#8211; 1831, fue maestro en poes\u00eda y caligraf\u00eda, su libro de poemas \u00abGotas de roc\u00edo sobre una hoja de loto\u00bb llego a mi por casualidad, ya que no soy asiduo comprador de libros, Es agradable leer poes\u00eda en un estilo sin pretensiones de grandeza o complejidades filos\u00f3ficas,\u00a0 simplemente es sencillo y de buen gusto, con un sentido de apego\u00a0 a la naturaleza, sin llegara a deidificarla, simplemente el gusto de ver la luna meditar a la orilla del camino, algo que poco (por no decir nunca) he visto en otros tipos de poes\u00eda ni de escritores.<\/p>\n<table>\n<tbody>\n<tr>\n<td><img loading=\"lazy\" decoding=\"async\" class=\"alignright size-medium wp-image-657\" src=\"https:\/\/ryokansoft.com\/Blog\/wp-content\/uploads\/2011\/01\/Ryokan-Sculpture-248x300.jpg\" alt=\"OLYMPUS DIGITAL CAMERA\" width=\"248\" height=\"300\" \/><\/td>\n<td>\u00abEl ladr\u00f3n dejo olvidada, la luna en mi ventana\u00bb<\/p>\n<p style=\"text-align: right;\">Ryokan<\/p>\n<\/td>\n<\/tr>\n<\/tbody>\n<\/table>\n<p>&nbsp;<\/p>\n","protected":false},"excerpt":{"rendered":"<p>Coloque este blog, para tratar de dar mi peque\u00f1o aporte al mundo sobre distintos temas.<\/p>\n","protected":false},"author":1,"featured_media":0,"parent":0,"menu_order":0,"comment_status":"open","ping_status":"open","template":"","meta":{"footnotes":""},"class_list":["post-2","page","type-page","status-publish","hentry"],"_links":{"self":[{"href":"https:\/\/ryokansoft.com\/Blog\/wp-json\/wp\/v2\/pages\/2","targetHints":{"allow":["GET"]}}],"collection":[{"href":"https:\/\/ryokansoft.com\/Blog\/wp-json\/wp\/v2\/pages"}],"about":[{"href":"https:\/\/ryokansoft.com\/Blog\/wp-json\/wp\/v2\/types\/page"}],"author":[{"embeddable":true,"href":"https:\/\/ryokansoft.com\/Blog\/wp-json\/wp\/v2\/users\/1"}],"replies":[{"embeddable":true,"href":"https:\/\/ryokansoft.com\/Blog\/wp-json\/wp\/v2\/comments?post=2"}],"version-history":[{"count":13,"href":"https:\/\/ryokansoft.com\/Blog\/wp-json\/wp\/v2\/pages\/2\/revisions"}],"predecessor-version":[{"id":829,"href":"https:\/\/ryokansoft.com\/Blog\/wp-json\/wp\/v2\/pages\/2\/revisions\/829"}],"wp:attachment":[{"href":"https:\/\/ryokansoft.com\/Blog\/wp-json\/wp\/v2\/media?parent=2"}],"curies":[{"name":"wp","href":"https:\/\/api.w.org\/{rel}","templated":true}]}}