{"id":381,"date":"2012-10-26T07:57:58","date_gmt":"2012-10-26T07:57:58","guid":{"rendered":"https:\/\/ryokansoft.com\/Blog\/?page_id=381"},"modified":"2025-01-30T22:37:25","modified_gmt":"2025-01-31T04:37:25","slug":"sobre-mi","status":"publish","type":"page","link":"https:\/\/ryokansoft.com\/Blog\/sobre-mi\/","title":{"rendered":"Sobre mi&#8230;"},"content":{"rendered":"<p>Escribir sobre mi, me parece un poco raro, sin embargo es un reflejo de como me miro dentro del mundo que se vivo, bueno, para bien o para mal all\u00e1 voy&#8230;<\/p>\n<p><!--more--> <img loading=\"lazy\" decoding=\"async\" class=\"size-medium wp-image-660 alignleft\" src=\"https:\/\/ryokansoft.com\/Blog\/wp-content\/uploads\/2012\/10\/DSC_0352_v1-199x300.jpg\" alt=\"DSC_0352_v1\" width=\"199\" height=\"300\" \/>Mi nombre es Rogelio Alberto Abac. Siempre me han fascinado las artes, tanto en la fotograf\u00eda como en la pintura, debido a su fuerza expresiva, capaz de transmitir una idea\u00a0 y dejarla permanente en la conciencia de la sociedad. Esto siempre me ha impulsado a tratar de mejorar, de manera constante, las t\u00e9cnicas y procedimientos, estudiando a los grandes maestros de las artes visuales. Descubriendo en cada uno de sus trabajos una nueva forma de ver el universo que me rodea.<\/p>\n<p>Tratando de implementar en todo lo que hago un metodo sist\u00e9mico, que permita desarrollar todo el potencial, que me he propuesto en cada proyecto, y aunque no siempre lo he logrado, <img loading=\"lazy\" decoding=\"async\" class=\"alignright size-medium wp-image-662\" src=\"https:\/\/ryokansoft.com\/Blog\/wp-content\/uploads\/2012\/10\/DSC_0196_V2-199x300.jpg\" alt=\"DSC_0196_V2\" width=\"199\" height=\"300\" \/>esto al contrario de lo que mucha gente podr\u00eda pensar, no es un estricto apego a reglas preestablecidas, sino todo lo contrario, al tener una visi\u00f3n ordenada da como resultado, la exploraci\u00f3n de un nuevo modo de ver el mundo, sin tener que pasar por el proceso de prueba y error, de tal forma que el resultado es realmente sorprender, y as\u00ed inclusive dentro del aparente del caos de la naturaleza, se puede hallar la belleza del orden, de la composici\u00f3n y armon\u00eda.<\/p>\n<p>El trabajo fotogr\u00e1fico personal e individual, es importante para el desarrollo de un estilo propio, as\u00ed como el trabajo\u00a0 por encargo, me parece un reto, al obligarme a entender a sentir empat\u00eda por la persona que me asigna el trabajo, comprender sus metas y aspiraciones entender sus sentimientos, lo que me da una nueva perspectiva de la vida. al querer ver el mundo desde otros ojos. He notado esto sobretodo en los retratos, donde la belleza de las personas,\u00a0 el artista, trata de plasmar en im\u00e1genes.<\/p>\n<blockquote>\n<p><span style=\"color: #000000;\">\u00abNing\u00fan hombre es una isla, completo en s\u00ed mismo. Cada hombre es un fragmento del continente, una parte del todo.\u00bb<\/span><\/p>\n<p><span style=\"color: #000000;\">John Donne (1572-1631)<\/span><\/p>\n<\/blockquote>\n<p>Esta frace es una de mis favoritas, porque se desprende el egoc\u00e9ntrico mundo moderno, donde el yo, es mas importante que el nosotros, sobretodo en la sociedad guatemalteca, que cargada de falsos nosotros, solo\u00a0 busca la satisfacci\u00f3n de muchos yo&#8217;s, por lo que para alejarme de este paradigma trato de que mi objetivo sea plasmar im\u00e1genes que muestren un sentimiento, a su vez,\u00a0 sea compartido con todos los que lo observa, dando mi peque\u00f1o aporte en la vida de los que me rodean.<\/p>\n<p><img loading=\"lazy\" decoding=\"async\" class=\"alignright size-medium wp-image-664\" src=\"https:\/\/ryokansoft.com\/Blog\/wp-content\/uploads\/2012\/10\/foto01-300x199.jpg\" alt=\"foto01\" width=\"300\" height=\"199\" \/><\/p>\n\n\n<div class=\"wp-block-group\"><div class=\"wp-block-group__inner-container is-layout-constrained wp-block-group-is-layout-constrained\">\n<h2 class=\"wp-block-heading\">Contacto<\/h2>\n\n\n\n<hr class=\"wp-block-separator has-alpha-channel-opacity\"\/>\n\n\n\n<div class=\"wpcf7 no-js\" id=\"wpcf7-f1505-o1\" lang=\"es-ES\" dir=\"ltr\" data-wpcf7-id=\"1505\">\n<div class=\"screen-reader-response\"><p role=\"status\" aria-live=\"polite\" aria-atomic=\"true\"><\/p> <ul><\/ul><\/div>\n<form action=\"\/Blog\/wp-json\/wp\/v2\/pages\/381#wpcf7-f1505-o1\" method=\"post\" class=\"wpcf7-form init\" aria-label=\"Formulario de contacto\" novalidate=\"novalidate\" data-status=\"init\">\n<div style=\"display: none;\">\n<input type=\"hidden\" name=\"_wpcf7\" value=\"1505\" \/>\n<input type=\"hidden\" name=\"_wpcf7_version\" value=\"6.0.6\" \/>\n<input type=\"hidden\" name=\"_wpcf7_locale\" value=\"es_ES\" \/>\n<input type=\"hidden\" name=\"_wpcf7_unit_tag\" value=\"wpcf7-f1505-o1\" \/>\n<input type=\"hidden\" name=\"_wpcf7_container_post\" value=\"0\" \/>\n<input type=\"hidden\" name=\"_wpcf7_posted_data_hash\" value=\"\" \/>\n<input type=\"hidden\" name=\"_wpcf7_recaptcha_response\" value=\"\" \/>\n<\/div>\n<p><label> Tu nombre<br \/>\n<span class=\"wpcf7-form-control-wrap\" data-name=\"your-name\"><input size=\"40\" maxlength=\"400\" class=\"wpcf7-form-control wpcf7-text wpcf7-validates-as-required\" autocomplete=\"name\" aria-required=\"true\" aria-invalid=\"false\" value=\"\" type=\"text\" name=\"your-name\" \/><\/span> <\/label>\n<\/p>\n<p><label> Tu correo electr\u00f3nico<br \/>\n<span class=\"wpcf7-form-control-wrap\" data-name=\"your-email\"><input size=\"40\" maxlength=\"400\" class=\"wpcf7-form-control wpcf7-email wpcf7-validates-as-required wpcf7-text wpcf7-validates-as-email\" autocomplete=\"email\" aria-required=\"true\" aria-invalid=\"false\" value=\"\" type=\"email\" name=\"your-email\" \/><\/span> <\/label>\n<\/p>\n<p><span id=\"wpcf7-69e9de2fa40a1-wrapper\" class=\"wpcf7-form-control-wrap sitioweb-469-wrap\" style=\"display:none !important; visibility:hidden !important;\"><label for=\"sitio\" class=\"hp-message\">Por favor, deja este campo vac\u00edo.<\/label><input id=\"sitio\"  class=\"wpcf7-form-control wpcf7-text\" type=\"text\" name=\"sitioweb-469\" value=\"\" size=\"40\" tabindex=\"-1\" autocomplete=\"new-password\" \/><\/span>\n<\/p>\n<p><label> Asunto<br \/>\n<span class=\"wpcf7-form-control-wrap\" data-name=\"your-subject\"><input size=\"40\" maxlength=\"400\" class=\"wpcf7-form-control wpcf7-text wpcf7-validates-as-required\" aria-required=\"true\" aria-invalid=\"false\" value=\"\" type=\"text\" name=\"your-subject\" \/><\/span> <\/label>\n<\/p>\n<p><label> Tu mensaje (opcional)<br \/>\n<span class=\"wpcf7-form-control-wrap\" data-name=\"your-message\"><textarea cols=\"40\" rows=\"10\" maxlength=\"2000\" class=\"wpcf7-form-control wpcf7-textarea\" aria-invalid=\"false\" name=\"your-message\"><\/textarea><\/span> <\/label>\n<\/p>\n<p><input class=\"wpcf7-form-control wpcf7-submit has-spinner\" type=\"submit\" value=\"Enviar\" \/>\n<\/p><div class=\"wpcf7-response-output\" aria-hidden=\"true\"><\/div>\n<\/form>\n<\/div>\n\n<\/div><\/div>\n\n\n\n<p><\/p>\n","protected":false},"excerpt":{"rendered":"<p>Escribir sobre mi, me parece un poco raro, sin embargo es un reflejo de como me miro dentro del mundo que se vivo, bueno, para bien o para mal all\u00e1 voy&#8230;<\/p>\n","protected":false},"author":1,"featured_media":0,"parent":0,"menu_order":0,"comment_status":"closed","ping_status":"open","template":"","meta":{"footnotes":""},"class_list":["post-381","page","type-page","status-publish","hentry"],"_links":{"self":[{"href":"https:\/\/ryokansoft.com\/Blog\/wp-json\/wp\/v2\/pages\/381","targetHints":{"allow":["GET"]}}],"collection":[{"href":"https:\/\/ryokansoft.com\/Blog\/wp-json\/wp\/v2\/pages"}],"about":[{"href":"https:\/\/ryokansoft.com\/Blog\/wp-json\/wp\/v2\/types\/page"}],"author":[{"embeddable":true,"href":"https:\/\/ryokansoft.com\/Blog\/wp-json\/wp\/v2\/users\/1"}],"replies":[{"embeddable":true,"href":"https:\/\/ryokansoft.com\/Blog\/wp-json\/wp\/v2\/comments?post=381"}],"version-history":[{"count":24,"href":"https:\/\/ryokansoft.com\/Blog\/wp-json\/wp\/v2\/pages\/381\/revisions"}],"predecessor-version":[{"id":1510,"href":"https:\/\/ryokansoft.com\/Blog\/wp-json\/wp\/v2\/pages\/381\/revisions\/1510"}],"wp:attachment":[{"href":"https:\/\/ryokansoft.com\/Blog\/wp-json\/wp\/v2\/media?parent=381"}],"curies":[{"name":"wp","href":"https:\/\/api.w.org\/{rel}","templated":true}]}}